 Determine v(16).
-24
Let f(b) = b**2 + 357*b + 1412. Determine f(-4).
0
Let x(i) = -2*i**2 + 132*i - 497. Calculate x(62).
-1
Let a(l) = -7*l**2 + 41*l - 158. Give a(5).
-128
Let l(v) = 343*v - 26083. Determine l(76).
-15
Let b(c) = -19*c**2 - 972*c - 144. Calculate b(-51).
9
Let p(j) = 877*j + 4364. Determine p(-5).
-21
Let p(m) = m**3 + 8*m**2 + 33*m - 14. What is p(-7)?
-196
Let l(c) = 60*c**2 + 489*c + 12. Determine l(-8).
-60
Let d(r) = -17*r**2 - 21*r - 11. What is d(-1)?
-7
Let m(s) = -13*s**2 + 2140*s + 817. Give m(165).
-8
Let l(f) = f**3 + 7*f**2 + 8*f + 247. Calculate l(-9).
13
Let j(h) = 3369*h - 10116. Give j(3).
-9
Let y(b) = 3*b**3 - 14*b**2 + 10*b + 14. Calculate y(4).
22
Let g(i) = i**3 - 36*i**2 - 459*i + 21. Give g(-10).
11
Let m(l) = -81*l + 206. What is m(3)?
-37
Let l(c) = c + 1. Give l(-8).
-7
Let h(t) = -t**2 + 13*t + 256. Give h(24).
-8
Let v(q) = -331*q - 4263. Give v(-13).
40
Let x(y) = -259*y**2 - 7*y + 7. What is x(1)?
-259
Let r(j) = -j**3 - 6*j**2 - 52*j - 726. Calculate r(-9).
-15
Let g(u) = -u**3 - 89*u**2 - 485*u + 1080. Give g(-83).
1
Let s(n) = -441*n - 12348. Calculate s(-28).
0
Let g(j) = -16*j + 1805. Calculate g(115).
-35
Let k(p) = -p**3 + 91*p**2 - 516*p + 521. Calculate k(85).
11
Let t(z) = 114*z + 140. Give t(-3).
-202
Let r(c) = -24*c**2 + 236*c + 41. Give r(10).
1
Let d(h) = 82*h - 193. Give d(2).
-29
Let f(s) = -254*s - 23862. Give f(-94).
14
Let w(h) = -7*h**2 + 11*h + 213. Give w(6).
27
Let t(i) = -8*i**3 + 367*i**2 + 51*i - 186. Give t(46).
44
Let p(v) = -257*v - 1009. Determine p(-4).
19
Let v(s) = s**3 + 9*s**2 - s + 51. Determine v(-10).
-39
Let d(w) = -w**3 - 22*w**2 - 40*w + 5. Determine d(-20).
5
Let z(h) = 5*h - 384. What is z(82)?
26
Let m(c) = -36*c**2 + 19*c + 20. Give m(-1).
-35
Let h(r) = r**2 - 27*r + 104. What is h(23)?
12
Let m(z) = z**3 - 100*z**2 - 10*z + 1020. Give m(100).
20
Let v(b) = b**3 + 45*b**2 + 13*b + 463. Determine v(-45).
-122
Let h(a) = 396*a + 5856. Calculate h(-15).
-84
Let t(u) = -13*u**2 - 91*u + 470. Calculate t(6).
-544
Let y(i) = -9*i**2 + 502*i - 2986. Give y(49).
3
Let a(s) = 10581*s + 116391. Determine a(-11).
0
Let b(z) = -238*z - 108. Calculate b(-1).
130
Let p(t) = 2*t - 47. Give p(35).
23
Let l(n) = 9*n**2 + 251*n - 67. Determine l(-28).
-39
Let j(z) = -z**2 + 945*z + 7611. Calculate j(-8).
-13
Let p(s) = -31*s**2 + 227*s - 47. Determine p(8).
-215
Let z(t) = 50*t + 60. What is z(-1)?
10
Let o(l) = -51*l + 673. Determine o(13).
10
Let s(m) = -153*m**3 + 6*m**2 + 7*m + 1. What is s(-1)?
153
Let m(s) = s**3 - 9*s**2 + s + 21. Calculate m(8).
-35
Let g(p) = -5*p**2 - 9*p + 186. What is g(-7)?
4
Let l(f) = 3*f**3 + 8*f**2 + 5*f + 2. Determine l(-3).
-22
Let t(q) = -1047*q - 7332. Determine t(-7).
-3
Let x(v) = -105*v - 4843. Give x(-46).
-13
Let l(s) = -2*s**2 - 57*s - 160. Determine l(-23).
93
Let y(x) = -x - 59. What is y(22)?
-81
Let x(z) = -51*z**2 - 709*z + 66. Give x(-14).
-4
Let l(t) = t**3 + 89*t**2 - 118*t - 2512. What is l(-90)?
8
Let k(y) = 50*y - 976. Calculate k(11).
-426
Let l(m) = -4*m**3 + 7*m**2 - 74*m + 350. Determine l(5).
-345
Let p(w) = 2*w**2 + 795*w - 38844. What is p(44)?
8
Let q(d) = -d**3 + 87*d**2 - 1782*d + 18. Determine q(54).
18
Let f(c) = -55*c**3 + 17*c**2 + 3*c - 5. Give f(1).
-40
Let y(k) = -k**3 + 66*k**2 - 11*k - 3453. Determine y(65).
57
Let w(m) = m**2 + 130*m - 1549. Determine w(-141).
2
Let x(y) = 2*y**3 - 14*y**2 - 38*y + 11. Give x(10).
231
Let n(d) = -12*d - 116. Give n(-10).
4
Let h(j) = -2*j**2 + 16*j + 41. What is h(10)?
1
Let g(z) = -96*z - 1180. Determine g(-12).
-28
Let o(v) = 17609*v + 211303. Give o(-12).
-5
Let n(f) = -3*f**2 + 208*f + 583. Give n(72).
7
Let u(w) = 3850*w - 46203. Give u(12).
-3
Let j(x) = -x**3 + 9*x**2 + 1074*x - 8666. What is j(8)?
-10
Let j(y) = 22*y + 160. Determine j(-8).
-16
Let f(k) = -2*k**2 - 287*k + 6722. Calculate f(-164).
-2
Let l(x) = 115*x**2 - 438*x - 4. Give l(5).
681
Let n(r) = -4689*r + 4694. Determine n(1).
5
Let n(a) = 28*a**2 + 14*a. Calculate n(-2).
84
Let j(l) = -l**3 + 68*l**2 + 214*l - 54. What is j(71)?
17
Let j(z) = 45*z + 269. Determine j(-6).
-1
Let d(z) = z**3 - 37*z**2 + 342*z - 23. Calculate d(20).
17
Let p(x) = x**2 - 115*x + 2757. What is p(34)?
3
Let u(o) = o**2 + 22*o + 6. Give u(-8).
-106
Let z(h) = -11*h - 99. Give z(-8).
-11
Let d(m) = -2*m**2 - 50*m - 53. Determine d(-26).
-105
Let y(m) = 1767*m + 15914. Give y(-9).
11
Let y(a) = -24*a**2 + 235*a - 154. Calculate y(9).
17
Let k(i) = -612*i - 601. What is k(-1)?
11
Let q(n) = -n**2 + 162*n - 2188. Determine q(147).
17
Let f(a) = -a**2 - 197*a - 1173. Determine f(-6).
-27
Let q(s) = -s**3 + 23*s**2 - 35*s + 31. Give q(21).
178
Let i(v) = v**2 - 14*v + 3. What is i(20)?
123
Let m(h) = h**3 + 11*h**2 - 6*h + 22. Determine m(-12).
-50
Let f(l) = 27*l**2 - l - 43. Determine f(-3).
203
Let i(o) = -1996*o - 14015. Calculate i(-7).
-43
Let i(t) = -t**2 - 57*t + 174. Determine i(-60).
-6
Let q(w) = 344*w - 5158. Determine q(15).
2
Let g(n) = n**3 + 2*n**2 + 13*n + 10. Give g(-6).
-212
Let d(r) = r**3 - 3*r**2 + 1167*r - 4695. Determine d(4).
-11
Let k(t) = -t**2 + 11*t + 825. Give k(35).
-15
Let q(k) = -62*k**2 - 16417*k + 3446. Determine q(-265).
1
Let v(f) = -562*f - 10688. Give v(-19).
-10
Let s(n) = -3*n - 104. Give s(-5).
-89
Let k(v) = -v**3 - 24*v**2 - 128*v + 70. What is k(-17)?
223
Let v(p) = p**2 - 12*p - 5. What is v(11)?
-16
Let o(m) = 3*m**2 - 7*m + 27. Determine o(5).
67
Let o(d) = -106*d**2 - 1370*d + 34. Determine o(-13).
-70
Let m(x) = x**3 - 27*x**2 - 310*x - 513. Determine m(36).
-9
Let p(r) = r**2 - 3*r + 2. Give p(-5).
42
Let k(q) = q**2 - 308*q - 1216. Give k(-4).
32
Let v(f) = -183*f - 3670. Calculate v(-20).
-10
Let f(q) = 22*q**3 + 4*q**2 + 6*q + 4. What is f(-1)?
-20
Let g(d) = 3*d**2 - 2*d - 5. Calculate g(-3).
28
Let w(y) = -y**2 - 188*y - 1255. What is w(-7)?
12
Let a(i) = -68*i**3 - 16*i**2 + 36*i. Give a(2).
-536
Let m(g) = 2*g**2 - 15*g - 73. Calculate m(-8).
175
Let t(z) = 850*z**3 + 4*z**2 + 55*z + 53. Determine t(-1).
-848
Let l(a) = -3*a**2 + 96*a - 663. What is l(22)?
-3
Let c(u) = -645*u - 6450. What is c(-10)?
0
Let r(y) = 2*y**3 - 17*y**2 - 29*y + 55. What is r(10)?
65
Let c(m) = 3*m**2 + 244*m - 1586. What is c(6)?
-14
Let o(m) = -m**3 - 27*m**2 - 96*m - 551. What is o(-24)?
25
Let f(t) = 2*t**3 + 2*t**2 + 26*t + 37. Calculate f(-4).
-163
Let v(c) = 210*c + 5456. What is v(-26)?
-4
Let d(h) = -2*h**2 - 221*h + 2599. Determine d(11).
-74
Let q(i) = -8*i**2 - 4*i + 64. Determine q(-3).
4
Let a(d) = d**3 + 35*d**2 + 238*d + 31. Give a(-25).
331
Let v(l) = l**3 - 33*l**2 + 129*l - 1173. Give v(30).
-3
Let d(y) = y**3 - 33*y**2 + 90*y - 50. Calculate d(30).
-50
Let r(k) = -51*k**3 - k**2 - 5*k - 5. Give r(-1).
50
Let q(m) = 120*m + 836. Calculate q(-7).
-4
Let z(t) = 3*t**2 - 24*t - 49. What is z(11)?
50
Let t(c) = -3*c**3 - 111*c**2 - 107*c + 44. Calculate t(-36).
8
Let k(r) = 418*r + 6265. Determine k(-15).
-5
Let v(r) = -89*r + 1738. What is v(19)?
47
Let a(j) = -j**3 + 99*j**2 + 100*j - 76. What is a(100)?
-76
Let p(y) = -996*y - 65. Calculate p(-1).
931
Let l(z) = z**3 - 29*z**2 + 501*z - 11012. Calculate l(26).
-14
Let s(b) = -b**2 - 17*b + 66. What is s(-22)?
-44
Let m(h) = 34*h - 342. Calculate m(10).
-2
Let w(x) = 199*x + 7164. Give w(-36).
0
Let q(u) = -2*u**2 + 1913*u - 5714. Give q(3).
7
Let i(b) = -b + 22. What is i(21)?
1
Let d(m) = -38*m**2 - 885*m + 37. Determine d(-23).
290
Let i(u) = -u**2 - 219*u + 19909. Determine i(-288).
37
Let v(k) = 14*k - 249. Determine v(20).
31
Let c(h) = -1287*h - 3856. Calculate c(-3).
5
Let w(n) = -73*n - 171. Determine w(2).
-317
Let s(o) = o**3 - 18*o**2 + 3*o + 29. Calculate s(17).
-209
Let w(u) = -u**3 + 5*u**2 + 216*u - 9. Give w(17).
195
Let v(y) = -36*y + 138. Determine v(4).
-6
Let v(t) = -6*t**2 + 62*t - 4. What is v(3)?
128
Let o(n) = -15*n**2 + 37*n - 92. What is o(4)?
-184
Let q(n) = -21*n + 105. Calculate q(4).
21
Let l(c) = 118*c**2 - 243*c + 1. Calculate l(2).
-13
Let w(c) = -7*c**2 - 3*c - 23. Calculate w(-5).
-183
Let d(r) = r**3 + 25*r**2 - 49*r + 47. Calculate d(-27).
-88
Let o(c) = -77*c - 401. Determine o(-4).
-93
Let p(f) = 7*f**2 - 52*f + 211. Give p(6).
151
Let v(z) = -2*z**3 + 3*z**2 + 7*z - 59.